e the greatest common divisor of 3155898 and 6.
6
What is the highest common divisor of 491232 and 252?
84
Calculate the highest common divisor of 47901 and 1218.
21
Calculate the greatest common divisor of 390 and 5410.
10
What is the greatest common divisor of 196929 and 54?
9
What is the highest common factor of 67224 and 120?
24
Calculate the highest common divisor of 10384 and 1634182.
1298
What is the highest common factor of 1680 and 4130?
70
What is the highest common divisor of 690 and 154215?
345
What is the greatest common divisor of 44 and 5038?
22
What is the highest common factor of 7 and 662543?
7
What is the greatest common factor of 142 and 434662?
142
What is the highest common factor of 48 and 64968?
24
Calculate the greatest common factor of 2219 and 812.
7
Calculate the highest common factor of 1083 and 29697.
57
What is the highest common divisor of 2202132 and 60?
12
What is the greatest common divisor of 1352 and 39832?
104
Calculate the highest common divisor of 57 and 1160045.
19
Calculate the highest common factor of 56703 and 328.
41
What is the greatest common factor of 552 and 47886?
138
Calculate the highest common divisor of 256162 and 4208.
526
Calculate the highest common factor of 3553 and 15827.
323
Calculate the highest common divisor of 725395 and 1090.
545
What is the highest common factor of 13363 and 14007?
161
What is the highest common divisor of 119196 and 504?
252
What is the greatest common divisor of 106890 and 420?
210
Calculate the greatest common divisor of 873 and 202148.
97
Calculate the greatest common divisor of 349590 and 60.
30
Calculate the highest common divisor of 280 and 3440.
40
What is the greatest common divisor of 8 and 268454?
2
Calculate the greatest common divisor of 153 and 7677.
9
What is the highest common divisor of 28 and 14301?
7
What is the highest common factor of 288 and 101808?
144
Calculate the highest common factor of 62123 and 5.
1
Calculate the highest common divisor of 676 and 811031.
169
What is the greatest common factor of 155 and 195?
5
What is the greatest common factor of 26 and 750542?
26
Calculate the highest common factor of 6648 and 48.
24
Calculate the greatest common factor of 128097 and 37539.
387
What is the greatest common divisor of 16 and 849656?
8
What is the highest common factor of 452 and 184?
4
Calculate the highest common divisor of 576 and 2376.
72
What is the greatest common factor of 4275 and 4125?
75
What is the highest common divisor of 548 and 5952?
4
What is the greatest common divisor of 20 and 46392?
4
Calculate the highest common factor of 21911 and 1.
1
What is the greatest common factor of 30 and 159900?
30
What is the highest common factor of 207 and 10029?
3
Calculate the greatest common divisor of 65 and 561223.
13
Calculate the highest common divisor of 2133 and 4941.
27
Calculate the highest common divisor of 257166 and 567.
63
Calculate the highest common divisor of 27 and 19329.
3
Calculate the highest common factor of 2544 and 795.
159
Calculate the highest common divisor of 236042 and 535.
107
What is the greatest common factor of 32995 and 10?
5
Calculate the highest common divisor of 1549 and 5107053.
1549
What is the greatest common factor of 634 and 154696?
634
Calculate the greatest common factor of 14 and 2596006.
14
What is the highest common divisor of 54692 and 5198?
226
Calculate the highest common factor of 751287 and 5615.
1123
Calculate the greatest common divisor of 37934 and 104.
26
Calculate the highest common factor of 7770 and 294.
42
Calculate the highest common factor of 1992 and 1162.
166
What is the highest common divisor of 32751 and 54?
27
What is the greatest common divisor of 39776 and 12496?
176
What is the greatest common divisor of 60 and 80790?
30
Calculate the greatest common divisor of 80 and 1565.
5
Calculate the highest common factor of 1146173 and 1022.
511
Calculate the highest common factor of 148 and 119732.
148
Calculate the greatest common divisor of 1800 and 455475.
75
What is the greatest common divisor of 22838690 and 757?
757
What is the highest common factor of 448 and 46564?
28
What is the highest common factor of 95499 and 12555?
81
Calculate the greatest common factor of 48 and 135816.
24
Calculate the highest common divisor of 2471 and 2.
1
Calculate the highest common divisor of 72 and 68184.
72
What is the highest common factor of 516 and 2637534?
258
What is the highest common divisor of 2660 and 8036?
28
What is the greatest common divisor of 18 and 329418?
18
Calculate the highest common factor of 287877 and 3.
3
Calculate the greatest common divisor of 12223 and 34.
17
Calculate the greatest common divisor of 6582 and 186.
6
What is the highest common factor of 1751 and 23999?
103
What is the highest common factor of 16 and 18712?
8
What is the greatest common factor of 349 and 814217?
349
Calculate the greatest common divisor of 949 and 68939.
13
What is the greatest common factor of 832 and 1274?
26
Calculate the highest common divisor of 14366 and 22.
22
What is the greatest common factor of 6680 and 280?
40
What is the greatest common factor of 11191 and 248?
31
Calculate the highest common divisor of 55 and 9328.
11
Calculate the greatest common factor of 21670 and 220.
110
What is the greatest common divisor of 24853 and 107125?
857
What is the greatest common divisor of 605 and 91355?
605
Calculate the greatest common factor of 16896 and 1312.
32
Calculate the greatest common factor of 5 and 58600.
5
What is the highest common divisor of 3657 and 159?
159
What is the highest common divisor of 2088 and 1914?
174
Calculate the highest common divisor of 336960 and 325.
65
What is the greatest common factor of 240723 and 14?
7
Calculate the greatest common divisor of 89313 and 42.
21
Calculate the highest common divisor of 6554 and 87.
29
What is the greatest common factor of 912 and 3024?
48
What is the greatest common divisor of 10453114 and 287?
287
What is the highest common divisor of 11434 and 2?
2
Calculate the highest common factor of 424 and 217830.
106
What is the highest common divisor of 14749 and 2198?
7
What is the highest common factor of 1615868 and 659?
659
Calculate the highest common divisor of 29083 and 10541.
127
Calculate the highest common factor of 2865 and 695.
5
What is the greatest common divisor of 1106 and 59038?
14
Calculate the greatest common divisor of 542466 and 18.
18
What is the greatest common factor of 23355 and 465?
15
What is the greatest common factor of 133794 and 198?
18
What is the highest common divisor of 516 and 2076?
12
What is the highest common factor of 18 and 16366?
2
Calculate the greatest common factor of 34 and 432769.
17
What is the greatest common divisor of 820 and 1620?
20
Calculate the highest common divisor of 3056 and 23875.
191
Calculate the greatest common divisor of 171 and 2902668.
57
What is the highest common factor of 94945 and 85?
85
What is the greatest common divisor of 996 and 63000?
12
Calculate the highest common factor of 210 and 2610.
30
What is the greatest common divisor of 328 and 197128?
328
What is the greatest common divisor of 32590 and 45?
5
What is the greatest common divisor of 99328 and 291?
97
Calculate the highest common factor of 37422 and 135.
27
Calculate the highest common factor of 408324 and 84.
84
Calculate the greatest common factor of 9 and 170550.
9
What is the greatest common divisor of 161238 and 2792?
698
Calculate the greatest common factor of 8717 and 2274.
379
What is the greatest common factor of 496666 and 206?
206
What is the greatest common factor of 45648 and 144?
144
What is the greatest common factor of 62 and 239971?
31
What is the highest common divisor of 85660 and 240?
20
What is the highest common factor of 1672 and 40832?
88
What is the greatest common divisor of 26060 and 60?
20
What is the highest common factor of 202316 and 296?
148
Calculate the greatest common factor of 9801 and 61479.
891
What is the highest common divisor of 4997608 and 28?
28
Calculate the highest common factor of 2005 and 248219.
401
Calculate the greatest common divisor of 90 and 1298.
2
What is the greatest common factor of 195 and 15535?
65
What is the greatest c